 + 60. What is x(-5)?
-20
Let f(p) = -3*p**3 - 8*p**2 - 4*p - 12. What is f(-4)?
68
Let u(a) = 29*a + 563. Give u(-21).
-46
Let p(w) = 170*w + 1640. Determine p(-9).
110
Let a(u) = 2*u**2 - 325*u + 5451. What is a(19)?
-2
Let i(t) = -16*t**2 + 142*t - 16. What is i(7)?
194
Let v(b) = -49*b + 199. What is v(5)?
-46
Let u(p) = -358*p**3 + 3*p**2 + 12*p + 11. What is u(-1)?
360
Let x(f) = 14*f - 727. Give x(47).
-69
Let x(n) = -4*n**2 + 1098*n + 5595. Determine x(-5).
5
Let o(s) = 27*s + 906. Calculate o(-34).
-12
Let m(s) = -11*s**2 + 186*s - 25. What is m(15)?
290
Let a(t) = 127*t + 645. Give a(-5).
10
Let z(y) = -y**3 + 11*y**2 + 144*y + 12. Calculate z(-8).
76
Let u(a) = -47*a**2 + 2962*a - 58. What is u(63)?
5
Let k(r) = -14*r**2 + 182*r - 39. Determine k(13).
-39
Let c(f) = -2*f**2 - 17*f + 39. What is c(-9)?
30
Let f(h) = -h**3 - 63*h**2 - 86*h - 539. Give f(-62).
949
Let u(w) = 4*w**2 + 11*w - 46. Calculate u(3).
23
Let i(j) = 93*j**2 - 1574*j - 124. What is i(17)?
-5
Let j(l) = l**2 - 10*l - 84. Calculate j(9).
-93
Let w(p) = 40*p - 1271. What is w(32)?
9
Let p(l) = -l**3 - 27*l**2 - 16*l + 166. Determine p(-26).
-94
Let f(u) = -u**3 + 9*u**2 + 34*u - 330. Determine f(9).
-24
Let m(t) = t**3 + 3*t**2 - 30*t + 1. What is m(-7)?
15
Let b(j) = -4*j + 95. Determine b(0).
95
Let k(m) = 23*m - 211. Calculate k(9).
-4
Let b(i) = i**3 + 18*i**2 + 35*i + 45. Give b(-15).
195
Let c(u) = -4*u**2 + 115*u - 2. What is c(29)?
-31
Let o(b) = -b**3 + 5*b**2 + 15*b - 10. Give o(7).
-3
Let y(u) = u**2 + 3*u - 462. Give y(-26).
136
Let j(h) = h**3 - 23*h**2 - 346*h - 193. Determine j(-10).
-33
Let n(c) = 6*c**2 - 438*c - 4976. What is n(-10)?
4
Let w(b) = -2*b**3 + 89*b**2 - 925*b + 35. Give w(28).
7
Let i(p) = 2*p**2 + 237*p - 1889. Determine i(-126).
1
Let n(j) = 4*j**3 - 22*j**2 + 90*j - 419. What is n(5)?
-19
Let t(w) = 2*w**3 + 4*w**2 - 68*w + 31. What is t(-7)?
17
Let c(d) = -d**2 + 199*d + 816. Calculate c(203).
4
Let c(m) = -460*m + 9270. Calculate c(20).
70
Let d(h) = 6*h**3 + 148*h**2 - 42*h + 192. Give d(-25).
-8
Let t(d) = 11*d - 21. Determine t(-22).
-263
Let y(w) = -16*w**2 - 178*w + 361. Give y(2).
-59
Let g(u) = 4*u**3 + 16*u**2 + 28*u + 126. What is g(-4)?
14
Let o(u) = 2*u**2 + 39*u - 56. Give o(-21).
7
Let v(j) = -2*j**2 + 282*j + 1128. Calculate v(-4).
-32
Let x(p) = 17*p**2 + 97*p - 35. Determine x(-6).
-5
Let c(u) = -2*u**3 + 14*u**2 + 62*u + 7. Calculate c(10).
27
Let h(f) = 78*f - 577. Calculate h(13).
437
Let b(q) = q**3 - 45*q**2 - 47*q + 43. Give b(46).
-3
Let j(t) = -t**2 + 6*t + 160. What is j(-10)?
0
Let m(a) = 2*a**2 - 83*a + 15. Give m(0).
15
Let i(p) = 2*p**2 + 10*p + 8. What is i(3)?
56
Let m(i) = -3*i**2 + 262*i - 240. Determine m(87).
-153
Let d(a) = 25*a + 84. Give d(-3).
9
Let x(b) = -38*b + 232. Calculate x(-10).
612
Let b(a) = 2*a**2 + 11*a + 16. Calculate b(-17).
407
Let q(b) = -b**3 + 26*b**2 + 135*b + 159. Determine q(-3).
15
Let c(s) = 392*s - 3479. Determine c(9).
49
Let w(a) = -a**3 + 26*a**2 + 43*a + 408. Give w(28).
44
Let j(q) = -q**3 + 64*q**2 - 956*q + 542. Determine j(41).
9
Let z(q) = q**2 - 315*q + 6255. Calculate z(21).
81
Let c(h) = -h**3 - 24*h**2 + 567*h + 273. Give c(15).
3
Let r(s) = s**3 + 117*s**2 - 865*s + 359. Determine r(-124).
-13
Let q(h) = h**3 + 21*h**2 + 71*h + 52. What is q(-17)?
1
Let m(p) = -p**2 - 2*p + 24. Calculate m(-14).
-144
Let z(x) = -24*x**2 + x - 2. Calculate z(1).
-25
Let o(r) = -r**2 + 312*r + 17274. Give o(360).
-6
Let g(c) = c**2 + 41*c + 122. What is g(-21)?
-298
Let s(y) = y**3 - 5*y**2 + 11*y - 12. Calculate s(2).
-2
Let u(y) = y**3 - 53*y**2 - 110*y - 178. Determine u(55).
-178
Let g(r) = 81*r + 48. Determine g(5).
453
Let u(f) = -42*f - 1199. Determine u(-28).
-23
Let i(t) = -t**3 - 39*t**2 - 41*t - 166. Determine i(-38).
-52
Let q(d) = d**2 + 223*d - 1991. Calculate q(-231).
-143
Let q(b) = -b**2 - 23*b + 465. Calculate q(13).
-3
Let t(f) = f**2 + 334*f - 18337. What is t(48)?
-1
Let x(l) = -2*l**3 + 36*l**2 + 13*l + 203. What is x(17)?
1002
Let v(l) = 93*l + 2451. What is v(-27)?
-60
Let f(b) = -14*b**3 - 127*b**2 + 5*b + 115. Calculate f(-9).
-11
Let w(i) = -162*i + 7986. Calculate w(49).
48
Let s(d) = -20*d - 1591. Determine s(-80).
9
Let x(s) = -s**3 + 25*s**2 + 36*s + 185. What is x(25)?
1085
Let q(s) = -66*s + 1753. Determine q(26).
37
Let i(m) = -m**3 + 8*m**2 + 116*m - 857. Determine i(7).
4
Let s(v) = v**2 - 358*v + 31892. Calculate s(190).
-28
Let b(d) = -4*d**2 - 110*d - 758. Determine b(-13).
-4
Let c(d) = d**2 - 48*d - 4759. Give c(-49).
-6
Let f(d) = 3*d**2 - 82*d + 499. Give f(18).
-5
Let y(j) = 12*j - 254. Give y(14).
-86
Let i(z) = 2*z**3 + 5*z**2 + 12*z + 34. What is i(0)?
34
Let a(i) = 11*i + 1006. Calculate a(-92).
-6
Let q(x) = 2*x**3 - 171*x**2 + 1824*x + 77. Give q(73).
4
Let g(q) = 13*q + 54. What is g(-36)?
-414
Let y(f) = 15*f**2 - 12*f - 39. Determine y(-4).
249
Let w(d) = -9*d - 21. Calculate w(-6).
33
Let k(t) = -2*t**2 - 240*t - 1347. Determine k(-114).
21
Let i(q) = 1686*q - 3367. Determine i(2).
5
Let i(t) = -633*t - 13270. Determine i(-21).
23
Let x(v) = 6*v**2 - 783*v - 315. Calculate x(131).
78
Let q(a) = -a**2 + 135*a - 578. Determine q(131).
-54
Let b(c) = -c**3 - 5*c**2 + 4. What is b(-6)?
40
Let a(s) = 3*s**2 - 20*s + 117. What is a(8)?
149
Let o(p) = 5*p**2 - 7*p - 3. Give o(-2).
31
Let i(d) = -d**3 + 10*d**2 + 11*d - 19. What is i(10)?
91
Let s(v) = -4*v**3 + v**2 + 56*v - 87. What is s(2)?
-3
Let p(x) = x**2 - 4*x - 12. Calculate p(-4).
20
Let a(b) = 4*b**2 + 19*b + 9. Calculate a(-6).
39
Let v(r) = 254*r + 1118. Determine v(-4).
102
Let x(o) = 22*o - 348. Calculate x(25).
202
Let d(x) = -4*x**2 + 404*x + 8567. What is d(119)?
-1
Let y(l) = -l**3 - 6*l**2 + 2*l + 22. Give y(-6).
10
Let h(w) = -w**3 - 2*w**2 + 48. What is h(0)?
48
Let l(w) = 45*w - 12. Determine l(-1).
-57
Let b(j) = -j**2 + 80*j + 482. Determine b(-6).
-34
Let o(u) = u**2 + 15*u - 296. Calculate o(-29).
110
Let l(y) = -y**3 - 53*y**2 - 186*y - 4290. What is l(-51)?
-6
Let h(u) = u**3 + 12*u**2 + 57*u + 502. What is h(-11)?
-4
Let q(o) = -o**3 + 26*o**2 - 145*o + 7. Give q(18).
-11
Let k(m) = -m**3 - 7*m**2 + 17*m + 44. Calculate k(-7).
-75
Let p(m) = 265*m - 1098. Determine p(3).
-303
Let v(b) = b**3 - 142*b**2 + 143*b - 20316. Calculate v(142).
-10
Let v(q) = -q**2 - 14*q + 304. Determine v(-25).
29
Let r(a) = 2*a**3 - 65*a**2 + 34*a - 75. What is r(32)?
-11
Let o(x) = -x**2 + 17*x + 94. Calculate o(21).
10
Let z(n) = n**2 + 149*n - 4556. Calculate z(26).
-6
Let k(t) = -102*t**2 + 1530*t + 5. Determine k(15).
5
Let y(d) = -52*d + 4316. Determine y(88).
-260
Let v(j) = -77*j**3 - 1232*j**2 - 17. Give v(-16).
-17
Let u(c) = 127*c - 2017. What is u(16)?
15
Let q(c) = -605*c - 12092. What is q(-20)?
8
Let o(v) = 3876*v - 15470. Calculate o(4).
34
Let z(o) = -106*o - 2111. Determine z(-20).
9
Let h(a) = -19*a**2 + 777*a + 86. What is h(41)?
4
Let r(v) = -v**3 - 3*v**2 + 8*v. What is r(-4)?
-16
Let p(s) = s**2 - 2652*s - 23947. Determine p(-9).
2
Let a(j) = 23*j + 59. What is a(-4)?
-33
Let g(y) = 690*y + 148. Determine g(0).
148
Let x(h) = -26*h**2 + 11*h + 23. Determine x(-3).
-244
Let i(w) = -w**3 - 12*w**2 - 9*w + 34. Calculate i(-10).
-76
Let t(m) = -14*m + 6. Give t(-15).
216
Let g(h) = 11*h - 76. Give g(7).
1
Let t(m) = -m**2 - 8*m + 108. What is t(0)?
108
Let w(n) = 18*n**2 + 30*n - 29. What is w(1)?
19
Let d(o) = -69*o - 4080. Give d(-59).
-9
Let h(p) = -p**3 + 27*p**2 + 27*p + 12. Determine h(28).
-16
Let n(o) = -331*o - 660. Calculate n(-2).
2
Let o(x) = -2*x**2 + 13*x + 241. Give o(13).
72
Let q(w) = 3*w**3 - 36*w**2 + 9*w - 1. What is q(12)?
107
Let a(h) = -6*h**2 + 55*h + 21. Determine a(13).
-278
Let h(x) = 2*x**2 + 2046*x - 12351. Determine h(6).
-3
Let a(f) = f**3 + 2*f**2 - 98*f - 9. Give a(-8).
391
Let v(b) = b**3 + 18*b**2 - 11*b + 18. Calculate v(-18).
216
Let i(r) = 5*r**3 + 70*r**2 - 17*r - 63. What is i(-14)?
175
Let n(v) = 79*v**2 + 4*v - 5. Give n(-2).
303
Let g(k) = k**2 + 11*k - 262. Determine g(-23).
14
Let x(p) = 11*p**2 + 102*p + 184. What is x(-7)?
9
Let b(x) = 12*x + 401. What is b(-30)?
41
Let l(t) = t**2 + 30*t + 57. Give l(-11).
-152
Let f(h) = 106*h**3 + 2*h**2 - 2*h. Give f(1).
106
Let i(k) = 25*k - 410. What is i(-11)?